*2 + 4*p + 14. Calculate d(14).
70
Let h(m) = 2*m**2 - 3*m + 1. Determine h(1).
0
Let m(x) = -x**3 + 3*x**2 + x - 1. Determine m(-2).
17
Let j(u) = -3*u**2 - 37*u + 4. Give j(-12).
16
Let o(j) = 7*j**2 + 5*j + 2. What is o(-1)?
4
Let m(k) = 8*k + 4. Give m(-3).
-20
Let f(c) = c**3 - 3*c**2 - 8*c + 3. Give f(5).
13
Let w(o) = o**3 - 21*o**2 - 1. Determine w(21).
-1
Let w(n) = 3*n - 13. What is w(4)?
-1
Let p(v) = 26*v - 45. Calculate p(2).
7
Let k(v) = v**3 + 9*v**2 + 10*v - 2. What is k(-8)?
-18
Let v(z) = 5*z - 6. Give v(-5).
-31
Let h(o) = o**2 + 2*o + 4. Calculate h(-7).
39
Let k(d) = d**2 + 17*d + 5. What is k(-14)?
-37
Let p(c) = -c**2 - 2*c + 47. Give p(0).
47
Let n(q) = 10*q + 3. What is n(3)?
33
Let i(c) = -3*c + 41. Give i(12).
5
Let f(y) = -y**2 + 12*y + 10. Determine f(12).
10
Let c(w) = -w**2 + 2*w + 3. What is c(4)?
-5
Let b(w) = w**3 + 8*w**2 + 9*w. Give b(-6).
18
Let d(l) = -l**3 + 9*l**2 - 15*l - 20. What is d(5)?
5
Let v(m) = -m**3 + 11*m**2 - 9*m + 1. Give v(10).
11
Let b(v) = -4*v - 7. Determine b(0).
-7
Let s(r) = r**3 - 5*r**2 - 2*r - 3. Calculate s(6).
21
Let c(i) = i**3 + 10*i**2 - 12*i + 14. Calculate c(-11).
25
Let i(m) = 16*m - 72. Determine i(12).
120
Let d(f) = 15*f + 20. Determine d(2).
50
Let b(r) = 5*r + 143. What is b(-32)?
-17
Let c(m) = 95*m**2 - 1. Give c(-1).
94
Let a(c) = -c**2 - 26*c - 152. Calculate a(-16).
8
Let b(n) = 4*n + 13. What is b(-10)?
-27
Let o(n) = 81*n + 480. What is o(-6)?
-6
Let w(k) = 99*k + 593. Give w(-6).
-1
Let o(d) = -5*d - 46. Calculate o(-6).
-16
Let f(q) = q**3 - 20*q**2 - 97*q + 25. Calculate f(24).
1
Let i(g) = -2*g - 36. Calculate i(-19).
2
Let r(u) = u**2 + 4*u - 2. Calculate r(-5).
3
Let m(z) = -2*z**2 - 4*z - 2. What is m(-2)?
-2
Let x(m) = -2*m**2 + 18*m + 11. Determine x(9).
11
Let p(k) = k**3 - 9*k**2 + 43. Give p(8).
-21
Let i(q) = 5*q**2 - 3*q - 2. Give i(-1).
6
Let o(i) = i**3 - 15*i**2 - 19*i + 43. What is o(16)?
-5
Let h(y) = y**3 + y**2 - 2*y + 1. Determine h(-2).
1
Let g(f) = f**2 + 11*f - 13. Give g(-12).
-1
Let h(m) = 11*m + 60. Calculate h(-4).
16
Let h(i) = 8*i**3 + 4*i**2 + 4*i + 3. Give h(-2).
-53
Let z(t) = -t**3 - 7*t**2 + 9*t + 14. Determine z(-8).
6
Let r(p) = -p**2 + 29*p + 30. Determine r(30).
0
Let s(d) = d**3 - 4*d**2 - 14*d - 5. Give s(6).
-17
Let r(a) = 39*a**3 + a**2 + a - 2. Calculate r(1).
39
Let w(b) = b**2 - 10*b - 48. Determine w(13).
-9
Let w(g) = g - 39. Give w(20).
-19
Let h(z) = 36*z - 69. Calculate h(2).
3
Let n(j) = 2*j**2 + 5*j + 3. Calculate n(6).
105
Let i(j) = -j**2 + 7*j + 8. What is i(8)?
0
Let r(d) = 2*d**3 - 6*d**2 + 8*d + 8. What is r(5)?
148
Let q(s) = -s**3 - 3*s**2 - 2*s - 4. Determine q(-3).
2
Let l(p) = 26*p - 2. Give l(-2).
-54
Let m(o) = 50*o - 691. Determine m(14).
9
Let b(z) = 5*z + 107. Determine b(-17).
22
Let c(s) = -s**2 + 26*s - 49. Determine c(24).
-1
Let o(y) = y**2 - 15*y + 38. Give o(13).
12
Let x(a) = -15*a - 20. Give x(-1).
-5
Let t(o) = -5*o + 5. Calculate t(4).
-15
Let b(u) = u**3 - 16*u**2 - 39*u + 77. Give b(18).
23
Let d(t) = -t**2 + 15*t - 17. Calculate d(7).
39
Let x(w) = w**3 + w**2 - 4*w - 5. Give x(0).
-5
Let b(m) = m - 7. Calculate b(-11).
-18
Let q(y) = y**2 - 30*y - 87. What is q(33)?
12
Let u(d) = -d**3 + 5*d**2 + 6*d. Give u(6).
0
Let j(m) = -67*m - 539. Give j(-8).
-3
Let x(u) = -5*u**2 - 18*u + 3. Determine x(-4).
-5
Let b(j) = -11*j + 74. Determine b(7).
-3
Let t(n) = -n**3 + 5*n**2 + 21*n + 15. Determine t(8).
-9
Let i(j) = 2*j**2 - 2*j - 3. Determine i(-3).
21
Let h(z) = z**2 - 6*z - 14. Give h(7).
-7
Let g(k) = 9*k**3 - 2*k**2 + 1. Give g(1).
8
Let n(d) = -d**2 - 5*d + 16. Give n(-7).
2
Let i(y) = 2*y + 20. What is i(-9)?
2
Let c(k) = 2*k**3 - 11*k**2 - 7*k - 11. Determine c(6).
-17
Let f(z) = 4*z + 48. Determine f(-11).
4
Let s(p) = p + 27. What is s(-13)?
14
Let m(h) = -h**3 - 6*h**2 + 4*h - 10. Determine m(-7).
11
Let y(m) = -8*m**2 + 5*m - 5. Calculate y(1).
-8
Let x(i) = i + 11. Give x(-11).
0
Let m(o) = -o**3 - 7*o**2 - 5*o + 2. Determine m(-6).
-4
Let n(w) = w**3 - 2*w**2 - 35*w - 3. What is n(7)?
-3
Let s(i) = i**3 - 30*i**2 + 86*i - 140. Calculate s(27).
-5
Let x(l) = -l**3 + 3*l**2 - l + 1. Give x(4).
-19
Let u(n) = 8*n - 3. Calculate u(-2).
-19
Let f(a) = a**2 - 8*a - 7. Calculate f(8).
-7
Let t(m) = -m**3 + 6*m**2 - 4*m - 4. Determine t(5).
1
Let b(l) = -l**2 - 9*l + 15. Give b(-8).
23
Let o(m) = 5*m**2 - 6*m - 10. What is o(-2)?
22
Let s(u) = -u**2 + 6*u + 10. Give s(8).
-6
Let c(y) = y**3 - 16*y**2 + 29*y - 3. Determine c(14).
11
Let a(y) = 32*y + 36. Give a(-2).
-28
Let v(y) = y**2 - 9*y. Determine v(9).
0
Let k(o) = -o**2 - 15*o + 31. Give k(-17).
-3
Let k(y) = -y - 3. Calculate k(-5).
2
Let k(z) = 2*z**3 - 4*z - 3. Calculate k(2).
5
Let k(h) = -h**3 + 25*h**2 + 17*h + 230. Give k(26).
-4
Let h(d) = 14*d - 366. Determine h(27).
12
Let u(i) = i**2 - 15*i - 5. Give u(16).
11
Let a(l) = l**3 - l**2 - 7*l. Give a(3).
-3
Let i(c) = 6*c + 61. Give i(-10).
1
Let n(z) = -4*z - 11. Calculate n(-3).
1
Let a(h) = 7*h - 2. What is a(2)?
12
Let n(r) = 2*r**2 + 2*r + 3. What is n(-3)?
15
Let w(k) = -k**3 - 14*k**2 + 31*k - 23. What is w(-16)?
-7
Let y(a) = 6*a + 70. Give y(-11).
4
Let n(y) = -y**3 - 29*y**2 - 80*y - 50. Determine n(-26).
2
Let k(z) = 3*z - 18. Give k(-10).
-48
Let n(d) = d**2 + 17*d + 11. Give n(-17).
11
Let a(f) = f**2 - 27*f - 10. Determine a(25).
-60
Let l(u) = u**3 + 5*u**2 + 7*u + 4. Calculate l(-4).
-8
Let p(d) = -4*d**2 + 5*d + 3. Give p(-3).
-48
Let j(a) = -2*a - 21. Calculate j(-9).
-3
Let m(g) = 10*g + 1. Determine m(-3).
-29
Let b(c) = -c + 1. Determine b(11).
-10
Let r(d) = -d**2 + 23*d - 73. Calculate r(22).
-51
Let i(d) = -d - 11. Give i(-3).
-8
Let l(c) = -48*c - 6. What is l(2)?
-102
Let w(g) = 12*g**2 - 3*g + 2. Give w(1).
11
Let c(p) = -13*p - 91. Give c(-6).
-13
Let n(z) = -z**3 + 4*z**2 + 6*z + 6. Give n(5).
11
Let s(r) = -r**2 - 19*r - 86. Calculate s(-12).
-2
Let p(l) = 13*l - 559. Give p(44).
13
Let f(s) = 2*s**2 - 5. Determine f(3).
13
Let l(o) = 8*o + 11. Determine l(-9).
-61
Let l(j) = -2*j**2 - 13*j - 14. Determine l(-10).
-84
Let d(g) = g**2 + 13*g - 141. What is d(7)?
-1
Let y(d) = 4*d**3 + 161*d**2 + 43*d + 125. What is y(-40)?
5
Let a(l) = -13*l**2 + 5*l - 6. Determine a(1).
-14
Let h(c) = -c**2 - 10*c + 23. Give h(-12).
-1
Let t(a) = a**2 + 26*a + 127. Calculate t(-5).
22
Let y(k) = k + 14. Determine y(7).
21
Let k(d) = -d**2 + 12*d - 5. Calculate k(5).
30
Let g(d) = d**3 + 16*d**2 - d - 20. What is g(-16)?
-4
Let a(n) = 3*n**2 - 8*n + 8. What is a(5)?
43
Let j(i) = -4*i - 10. Calculate j(-5).
10
Let t(v) = -17*v. What is t(5)?
-85
Let m(u) = -u + 3. Determine m(9).
-6
Let h(o) = -6*o**2 - 7*o. Determine h(-5).
-115
Let f(y) = 7*y + 101. Give f(-14).
3
Let o(r) = 2*r - 20. What is o(11)?
2
Let v(b) = -b**3 + 3*b**2 + 7*b + 2. What is v(5)?
-13
Let o(p) = p**2 - 6*p. Calculate o(6).
0
Let r(p) = -p**3 + p**2 - p - 6. Calculate r(0).
-6
Let l(z) = -z**2 - 7*z + 20. Calculate l(-7).
20
Let x(w) = w**3 - 14*w**2 - 52*w + 12. Determine x(17).
-5
Let r(y) = -5*y - 13. Give r(-1).
-8
Let y(l) = -l**3 - 24*l**2 + 79*l - 43. Determine y(-27).
11
Let d(r) = -2*r**2 - 6*r + 8. Determine d(4).
-48
Let g(l) = -22*l + 161. Give g(7).
7
Let z(k) = -2*k**2 + 75*k - 185. Determine z(35).
-10
Let c(x) = -2*x**3 + 43*x**2 + 25*x - 41. Determine c(22).
25
Let b(h) = 6*h + 3. Calculate b(-5).
-27
Let c(j) = j**3 - 5*j**2 + 2*j + 1. Give c(3).
-11
Let l(u) = 2*u**2 - 20*u + 7. Give l(9).
-11
Let p(u) = -u**2 - 11*u - 19. Calculate p(-10).
-9
Let s(j) = j - 13. Determine s(26).
13
Let s(j) = j**2 - 9*j + 6. Give s(8).
-2
Let i(u) = u**2 + 10*u - 45. Give i(-14).
11
Let b(n) = n**3 - 21*n**2 + 21*n - 17. Calculate b(20).
3
Let p(t) = t**3 - 2*t**2 + 2*t - 1. Calculate p(3).
14
Let r(a) = -a**3 + 3*a**2 + 3*a + 15. Give r(4).
11
Let n(y) = 2*y**2 - 66*y - 223. What is n(36)?
-7
Let q(j) = 140*j + 834. Calculate q(-6).
-6
Let k(t) = 7*t**2 - 3*t + 2. What is k(1)?
6
Let h(g) = -g**2 - 14. Calculate h(0).
-14
Let v(s) = s**3 - 10*s**2 + 8. Calculate v(10).
8
Let t(d) = d**3 + 9*d**2 - 2*d - 13. Calculate t(-9).
5
Let p(h) = -19*h. Calculate p(1).
-19
Let s(t) = -5*t**2 + 4*t + 11. What is s(5)?
-94
Let m(v) = 2*v + 62. Determine m(-32).
-2
Let s(n) = -n**3 + 26